prime factors of l?
7, 19
Let o(a) = 34*a**2 - 4*a - 4. Let c be o(-1). Suppose 5*k = -3*z - 75, z + c + 11 = 5*k. Let d = 93 + z. List the prime factors of d.
3, 7
Let g(y) be the third derivative of -3*y**6/20 - y**5/15 + y**4/4 + 7*y**3/2 + y**2 + 27*y. List the prime factors of g(-3).
3, 151
Let r(w) = -8*w - 102. Let q be r(-15). Suppose -q*c + 15*c + 1698 = 0. List the prime factors of c.
2, 283
Suppose 19926 = -60*g + 222*g. Suppose 0 = -4*p - 5*m + 696, -2*p + m + 370 = -2*m. Let q = p - g. What are the prime factors of q?
2, 7
Let y be (-4)/((1 + 0)/(-2)). Suppose 25*j - 544 = y*j. List the prime factors of j.
2
Let j(d) = -826*d - 118. What are the prime factors of j(-9)?
2, 31, 59
Suppose -2*x + 3*b = -109443, 5*x + 63*b - 273618 = 60*b. List the prime factors of x.
3, 17, 29, 37
Let n = -21142 + 40940. Suppose 0 = 28*k - 9*k - n. What are the prime factors of k?
2, 521
Suppose 44*p - 24976 = 24*p + 226204. List the prime factors of p.
19, 661
Suppose -64*d + 70*d = 12. Suppose -2*i + 252 = d*k - 576, 2*k - 840 = -5*i. What are the prime factors of k?
2, 5, 41
Suppose 0 = -4*j - 8 + 4, -i + 3 = -3*j. Suppose h + i*h - 2*x - 113 = 0, 3*x + 109 = h. What are the prime factors of h?
11
Let n(i) = -i**3 - 23*i**2 - 20*i + 50. Let s be n(-22). Let r(a) = 8*a**2 + 3*a + 26. What are the prime factors of r(s)?
2, 83
Let w = -1051 - -9752. What are the prime factors of w?
7, 11, 113
Let l(n) = 118*n**2 - 28*n - 44. What are the prime factors of l(10)?
2, 19, 151
Let b = -522 - -560. Suppose b*o - 30*o - 4992 = 0. What are the prime factors of o?
2, 3, 13
Let v = -246 + 97. Suppose -4*c + 210 + 706 = -2*o, 4*c - 914 = o. Let q = v + c. List the prime factors of q.
79
Let w = 163 + -179. Let r(i) = -i**2 - 40*i - 44. List the prime factors of r(w).
2, 5, 17
Let x = -600 - -9412. List the prime factors of x.
2, 2203
Suppose -3*q - 5 = 2*q. Let r be ((-45)/30)/(q/68). Let i = -46 + r. What are the prime factors of i?
2, 7
Let i(q) = -4*q**3 - 4*q**2 - 31*q + 4. What are the prime factors of i(-14)?
2, 5, 1063
Let a = 442 - 437. What are the prime factors of 1896/5 + (0 - 1/a)?
379
Suppose -4*m = -3*g + 25290, -160*g + 163*g - 25275 = -m. List the prime factors of g.
2, 11, 383
Let r be (5/3)/(13/15093). Suppose r = -7*j + 14346. List the prime factors of j.
3, 197
Let i(m) = -m**3 - 3*m**2 + 10*m + 56. Let x be i(-8). Let v = x + -167. What are the prime factors of v?
3, 43
Let d(p) = -43 + 10*p**2 + p - p**2 + 48. Let y(l) = -46*l**2 - 4*l - 26. Let i(r) = 11*d(r) + 2*y(r). List the prime factors of i(-2).
5
Let p = -19 + 24. Suppose 5*k - 5*r - 532 = k, k = -p*r + 158. Let s = 278 - k. List the prime factors of s.
2, 5, 7
What are the prime factors of 12*18756/(-48)*-1?
3, 521
Let p(l) = 5*l**2 + 7*l + 11. Suppose 3*f + 19 = -2*d, 6*f - 3*d + 19 = f. Let c be p(f). Let v = c - 51. What are the prime factors of v?
2, 5
Let s = 1166 + 2141. List the prime factors of s.
3307
Let b = 197 - 193. Suppose 433 = 2*f - g, 0 = 2*f - b*g - 117 - 307. List the prime factors of f.
2, 109
Let c be ((-34)/5)/((-72)/(-45) + -2). What are the prime factors of 484 - (c/(-5) + (-39)/65)?
2, 61
Let q(w) = -7552*w - 285. List the prime factors of q(-1).
13, 43
Let q be 4/(-5) - (-432)/90. What are the prime factors of (q - -4)/((-9)/(459/(-6)))?
2, 17
Let j(y) = 2*y**3. Let a be j(1). Suppose 3*d = -2*u + 3*u - 8, -a*d = 2*u - 40. Suppose 12*b = u*b - 325. What are the prime factors of b?
5, 13
What are the prime factors of (-90941)/(-4) - (-10 - (-555)/60)?
2, 7, 29
Suppose 2 = -2*t - 4. Let r be 54/t*(-14)/21. Let k = r - -6. List the prime factors of k.
2, 3
Let d(g) = -g**3 + 54*g**2 - 5*g + 31. List the prime factors of d(35).
23131
Let k(o) = o**3 - 11*o**2 + o + 7. Let w = 537 - 522. List the prime factors of k(w).
2, 461
Suppose n - 30928 = -3*t, -5*n - 10320 = -82*t + 81*t. What are the prime factors of t?
2, 5, 1031
Let q be -4 + (-16)/(-2) + -7. Suppose -888 = -2*v + 4*b, 2*b + 11 = 3. List the prime factors of 4/((-48)/v)*q.
109
Let c = -7 + 9. Suppose -6*n + 688 = -c*n. Suppose 3*u + 4*a - 2*a = n, 4*a = -4. What are the prime factors of u?
2, 29
Let o(t) = -85*t + 1612. List the prime factors of o(8).
2, 233
Let h = -123 + 780. Let y = 1166 - h. What are the prime factors of y?
509
Let h(n) = -4*n**2 - 19*n + 56. Let z(k) = -2*k**2 - 9*k + 28. Let g(j) = 4*h(j) - 9*z(j). Let q be (0 - 10/15)*-1*12. List the prime factors of g(q).
2, 5, 7
Let h = -21222 + 85646. What are the prime factors of h?
2, 8053
Let o(h) = 10*h**2 - 47*h - 14. Let q be o(5). What are the prime factors of (q/(1/(-2)))/((-75)/9525)?
2, 127
Let r(y) = -y**3 - 6*y**2 - 4*y + 10. Let n be r(-5). Suppose -41 + 916 = n*v. What are the prime factors of (v/(-75))/(1/(-87))?
7, 29
Suppose 3*x + 10*x = 191890 - 53661. List the prime factors of x.
7, 31
Let s(t) = -t**3 + 11*t**2 + 2*t - 22. Let q be s(9). Suppose x - 4*m = 3*x - 328, 5*m = -x + q. Let y = x + -54. What are the prime factors of y?
2, 3, 19
Let c(j) = 5015*j**3 - 2*j**2 - 5*j + 5. List the prime factors of c(1).
3, 557
Let y be 1 - (8176/(-8) + 1). Let q = 827 + y. What are the prime factors of q?
43
Let b(f) = 1546*f + 1365. What are the prime factors of b(20)?
5, 11, 587
Let l = 83246 - 55574. List the prime factors of l.
2, 3, 1153
Suppose -4*l - 5*f - 44 = -6*l, -f = 5*l - 83. Let p(g) = 9*g + 45. List the prime factors of p(l).
2, 3, 11
Let n = -1625 - -2369. Let t = n - 264. List the prime factors of t.
2, 3, 5
Let p = -45 + 48. Let t be (p - 6)*(-656 + 7). Suppose 13*a - t = -231. List the prime factors of a.
2, 3, 11
Let k = -2081 + 3877. What are the prime factors of k/6*(-45)/(-30)?
449
What are the prime factors of -3025*2/(4/(-6)) - (-6 + 1)?
2, 5, 227
Suppose -3*h + 12476 = s, 2*s - 12478 = 8*h - 11*h. What are the prime factors of h?
2, 3, 7, 11
Let u be (-4)/(-8) + 50/(-4). Let t(r) = -2518*r**2 + 0*r + r**3 + 16*r + 0*r**3 - 2512*r**2 + 27 + 5045*r**2. What are the prime factors of t(u)?
3, 89
Let f(o) = 25*o**2 + o + 10. Let c = 99 - 105. Let d be f(c). Suppose 4*h + 4*i - d = 0, 4*h = -3*i + 129 + 779. List the prime factors of h.
2, 5, 23
Let u(s) = -s**3 + 67*s**2 - 138*s + 56. List the prime factors of u(64).
2, 439
Suppose -g = 2*w - 28047, 3*g = 13078*w - 13079*w + 84176. What are the prime factors of g?
11, 2551
Suppose 0 = 4*n + 2*j - 29476, -5*n = -29*j + 24*j - 36860. What are the prime factors of n?
2, 5, 11, 67
Let q(m) = -4*m**2 + 18*m + 145. Let s be q(-13). Let w = 963 + s. What are the prime factors of w?
2, 3, 11
Let q = 47 + -30. Let n = 13 - q. List the prime factors of (-1)/(n/128 + 0).
2
Let h(y) = 1548*y + 2625. List the prime factors of h(5).
3, 5, 691
Let k = -10 - 165. Let o(i) = -23*i - 5. Let b be o(4). Let w = b - k. What are the prime factors of w?
2, 3, 13
Let i(t) = -235*t - 124. Let y be i(-5). Suppose y = 2*b + 153. List the prime factors of b.
449
Suppose -41*b - 3166375 = -114*b. What are the prime factors of b?
5, 347
Let a(j) = -j**2 - 13*j - 1. Let z be a(-12). Suppose z*b - 2320 = 3*b. What are the prime factors of b?
2, 5, 29
Suppose 0*n - 2*n + b = 1, -2*b + 10 = 0. Let o(h) be the third derivative of h**6/6 + h**5/12 - h**3/6 + 448*h**2 + 2. List the prime factors of o(n).
179
Suppose -9*z - 18 = 0, 0 = 4*s - s + 4*z - 19495. What are the prime factors of s?
3, 11, 197
Let u be -1*6*1*(-136)/6. Let c = 349 + u. What are the prime factors of c?
5, 97
Suppose 0 = -39*m + 37*m + 38. Suppose 4*b + 2048 = 3*o, 1984 + m = 3*o + 5*b. What are the prime factors of o?
2, 13
Let s be -3 - -3 - (-5 + 2) - -275. Suppose -2*n = -s - 504. List the prime factors of n.
17, 23
Let s = 510 + -513. List the prime factors of (15/4)/s*-4 - -459.
2, 29
Let u(a) = -53*a + 214. Let q be u(4). Suppose 0 = 2*g - q*x - 302 - 722, 5*x = -5*g + 2580. List the prime factors of g.
2, 257
Let z = 83082 + -57261. List the prime factors of z.
3, 19, 151
Let j(w) = w**2 + 13*w + 37. Let h be j(-7). Let r(u) = -25*u - 16. List the prime factors of r(h).
109
Suppose -3*c + 15 = -3*a, -3*c + 4*a = -21 + 6. Suppose -17 + 27 = c*x. Suppose -x*v = -5*h + 651, -3*v = -h - 5*v + 123. List the prime factors of h.
3, 43
Let g be (1383/1)/((-10)/40*-6). Suppose 2*u - 1755 - 531 = -5*x, 2*x - 3*u - g = 0. 